b(3).
-1
Let b(y) = 2*y**3 + 9*y**2 + 7*y - 21. Calculate b(-4).
-33
Let s(b) = 2*b**2 + 26*b - 1905. Give s(-38).
-5
Let s(m) = -m**3 + 48*m**2 - 220*m + 191. What is s(43)?
-24
Let m(l) = 121*l - 2426. What is m(20)?
-6
Let o(v) = -67*v - 323. What is o(-4)?
-55
Let i(z) = -7*z + 35. What is i(-4)?
63
Let r(g) = -4*g + 25. What is r(5)?
5
Let a(n) = 19*n**2 + 72*n - 1. Determine a(-4).
15
Let u(z) = 7*z**3 + 2*z**2 - 7*z + 2. Give u(1).
4
Let y(f) = -3*f**3 + 82*f**2 + 59*f - 98. What is y(28)?
-14
Let d(z) = -z**3 + 10*z**2 - 3*z - 12. Determine d(8).
92
Let c(v) = -236*v + 1133. Give c(5).
-47
Let t(m) = -2*m + 77. Determine t(-20).
117
Let n(t) = -162*t - 862. Calculate n(-8).
434
Let n(s) = -s**2 + 21*s + 25. Determine n(18).
79
Let d(p) = 30*p**2 + 182*p + 3. What is d(-6)?
-9
Let u(g) = 86*g - 367. Calculate u(7).
235
Let k(n) = -33*n - 1529. Give k(-43).
-110
Let x(l) = 2*l**3 + 11*l**2 + 19*l + 9. What is x(-5)?
-61
Let b(p) = -64*p + 886. Calculate b(14).
-10
Let q(c) = -65*c - 1569. Calculate q(-25).
56
Let k(d) = 4*d**2 - 20*d + 6. What is k(5)?
6
Let n(v) = -13*v - 499. Determine n(-38).
-5
Let n(y) = -y**2 + 53*y - 572. Give n(14).
-26
Let x(o) = -232*o + 40597. Give x(175).
-3
Let r(w) = 22*w + 1111. Give r(-49).
33
Let b(a) = -124*a - 7542. Calculate b(-61).
22
Let j(g) = 3*g**2 + 71*g + 63. Calculate j(-23).
17
Let n(h) = -756*h - 27226. Give n(-36).
-10
Let c(m) = 3*m**3 + 582*m**2 - 2*m - 387. Calculate c(-194).
1
Let r(y) = y**3 - 15*y**2 - 127*y + 156. Determine r(21).
135
Let c(v) = -v**3 + 7*v - 20. Determine c(0).
-20
Let y(u) = 120*u - 5496. Calculate y(46).
24
Let b(n) = -6*n**2 + 3*n + 20. Calculate b(2).
2
Let y(s) = -s**3 - 84*s**2 - 755*s - 145. Calculate y(-10).
5
Let l(g) = 2*g**2 - 27*g + 66. Calculate l(17).
185
Let i(w) = w**2 + 182*w - 96049. Calculate i(232).
-1
Let q(z) = 10*z**2 - 166*z - 4. What is q(16)?
-100
Let a(f) = 68*f - 544. Determine a(6).
-136
Let h(n) = n**3 + 4*n**2 - 9*n - 8. Calculate h(2).
-2
Let z(k) = k**2 + 32*k + 259. Give z(-9).
52
Let f(x) = -4*x**2 + 146*x - 1065. Determine f(10).
-5
Let z(h) = 12*h**3 - 171*h**2 + 40*h + 7. What is z(14)?
-21
Let m(r) = 87*r + 3449. Calculate m(-39).
56
Let g(l) = l**3 + 13*l**2 + 2*l + 1. Determine g(-13).
-25
Let h(x) = -1396*x + 6992. Determine h(5).
12
Let u(a) = -3*a**3 + 90*a**2 + 3*a + 360. Determine u(30).
450
Let f(c) = 10*c**3 - 130*c**2 + 20*c - 240. Determine f(13).
20
Let f(n) = 9*n - 419. Calculate f(46).
-5
Let v(y) = -2*y**3 - 53*y**2 + 28*y - 19. Give v(-27).
-46
Let q(z) = z**2 - 11*z - 22. What is q(7)?
-50
Let a(d) = d**3 + 158*d**2 + 2648*d + 134. Calculate a(-19).
1
Let w(p) = 2*p**3 - 20*p**2 - 7*p + 43. Determine w(10).
-27
Let i(l) = 2*l**2 - 39*l + 183. Determine i(7).
8
Let l(y) = 3*y**2 - 38*y + 54. Give l(17).
275
Let j(s) = s**2 - 20*s + 5. Determine j(-4).
101
Let l(r) = 1969*r + 17757. What is l(-9)?
36
Let v(p) = 38*p**2 - 55*p - 237. Determine v(-5).
988
Let t(u) = u**3 - 29*u**2 + 13*u + 102. Calculate t(28).
-318
Let x(p) = -32*p + 236. What is x(8)?
-20
Let w(p) = -p**3 + 10*p**2 + 13*p + 45. Give w(12).
-87
Let m(g) = 10*g**2 - 72*g + 105. Determine m(5).
-5
Let c(x) = -6*x**2 + 29*x + 4. What is c(0)?
4
Let p(o) = -2*o**3 + o**2 + 19*o - 14. Calculate p(5).
-144
Let c(t) = 2*t**3 - 16*t**2 + 27*t - 398. Determine c(9).
7
Let z(k) = -34*k + 239. Give z(-7).
477
Let b(o) = 19*o**2 - 23*o - 21. Determine b(-3).
219
Let g(u) = 2*u**3 - 4*u**2 - 37*u - 5. Determine g(-7).
-628
Let g(c) = 3*c**2 - 95*c - 213. Determine g(34).
25
Let k(v) = 55372*v - 55363. Give k(1).
9
Let o(v) = -6*v**2 + 25*v + 116. What is o(9)?
-145
Let f(v) = 2*v**2 - 54*v + 16. Give f(0).
16
Let i(o) = -124*o + 16243. Give i(131).
-1
Let c(k) = k**2 - 52*k + 608. Determine c(34).
-4
Let a(o) = -o**3 - 209*o**2 + 215*o + 1060. Calculate a(-210).
10
Let h(v) = -124*v - 109. Determine h(-1).
15
Let d(f) = -f**2 + 131*f + 5417. Determine d(-33).
5
Let f(a) = 2*a**3 + a**2 + 92*a + 447. Calculate f(-5).
-238
Let x(d) = 30*d + 201. Give x(-5).
51
Let b(j) = -j**3 - 33*j**2 + 43*j + 300. Determine b(-34).
-6
Let o(n) = -10*n**3 + 63*n**2 - 74*n + 360. Calculate o(6).
24
Let a(u) = -3*u**3 + 33*u**2 + 89*u - 125. Give a(13).
18
Let c(h) = -h**3 + 10*h**2 - 9*h + 397. Give c(12).
1
Let l(r) = -10*r - 107. What is l(4)?
-147
Let v(y) = 33*y - 1283. Determine v(41).
70
Let x(d) = -d**3 + 139*d**2 + 17*d + 17222. Determine x(140).
2
Let u(p) = 3*p**3 - 13*p**2 + 11*p - 76. Calculate u(5).
29
Let a(l) = -4*l**2 + 1138*l - 1137. Calculate a(1).
-3
Let m(c) = -c**3 + 10*c**2 + 3*c - 5. Give m(7).
163
Let k(v) = 8*v**3 - 5*v**2 + 7*v - 2. Determine k(3).
190
Let d(b) = -288*b - 8935. Calculate d(-31).
-7
Let k(a) = -8*a**2 - 403*a - 151. What is k(-50)?
-1
Let c(v) = 14*v + 122. What is c(-9)?
-4
Let f(g) = -68*g + 2400. Determine f(27).
564
Let l(a) = a**3 + 10*a**2 + 4*a + 41. Determine l(-10).
1
Let d(z) = -2*z**2 + 74*z + 88. What is d(40)?
-152
Let n(k) = -2*k**2 - 21*k - 130. What is n(-11)?
-141
Let s(w) = -w**3 + 15*w**2 + 20*w + 30. What is s(16)?
94
Let y(f) = -39*f**3 + 2*f**2 + 28*f - 29. Determine y(1).
-38
Let h(d) = -141*d**2 - 32006*d + 222. Determine h(-227).
-5
Let u(n) = n**2 - 48*n + 291. Determine u(41).
4
Let c(l) = 2*l**3 - 8*l**2 - 11*l + 7. Calculate c(6).
85
Let s(z) = -8*z - 291. Determine s(-31).
-43
Let r(f) = -44*f + 5227. Determine r(114).
211
Let i(k) = -73*k + 5. Calculate i(-4).
297
Let d(x) = 1130*x + 10175. Give d(-9).
5
Let x(a) = -56*a + 1181. Give x(21).
5
Let z(b) = -20*b - 84. Give z(-3).
-24
Let p(a) = a**3 + 34*a**2 - 158*a - 87. Calculate p(-38).
141
Let g(p) = 2*p**2 + 38*p + 13. What is g(-24)?
253
Let t(u) = u**2 + 2409*u + 50160. What is t(-21)?
12
Let a(w) = 8*w**2 - 123*w - 728. Give a(20).
12
Let n(q) = -12*q - 392. Give n(-39).
76
Let k(l) = 321*l + 36922. Determine k(-115).
7
Let l(u) = -6*u**3 - 101*u**2 + 19*u + 26. What is l(-17)?
-8
Let r(x) = 6*x**2 + 95*x + 10. Give r(-2).
-156
Let w(j) = 81*j - 589. What is w(5)?
-184
Let n(i) = 18*i - 496. Determine n(26).
-28
Let n(m) = m**2 + 22*m + 69. Give n(-4).
-3
Let u(s) = 3*s**3 + 3*s**2 - 7*s - 36. Determine u(-4).
-152
Let r(n) = -n**2 + 250*n + 3152. Determine r(262).
8
Let d(n) = 158*n + 3736. Calculate d(-25).
-214
Let r(g) = -45*g + 215. Determine r(6).
-55
Let b(j) = -8*j + 537. What is b(66)?
9
Let n(z) = z**3 + 107*z**2 + 1426*z - 479. Calculate n(-16).
1
Let o(u) = 66*u + 74. What is o(-4)?
-190
Let c(z) = -z**3 - 41*z**2 + 43*z + 41. Give c(-42).
-1
Let a(l) = -l**2 + 30*l + 1809. Give a(-29).
98
Let j(t) = 21*t - 861. Calculate j(41).
0
Let o(w) = 759*w + 20497. Determine o(-27).
4
Let o(w) = 2*w**2 - 212*w + 3572. What is o(21)?
2
Let i(c) = c**2 + 188*c - 3930. Determine i(19).
3
Let p(b) = b**3 - 50*b**2 - 157*b - 105. Calculate p(53).
1
Let t(y) = 65*y - 2657. What is t(41)?
8
Let j(z) = -20*z**2 + 341*z - 34. Determine j(17).
-17
Let x(u) = -2*u**2 + 24*u + 4514. Determine x(-42).
-22
Let j(y) = 4*y**3 + 208*y**2 - 4*y - 43. Give j(-52).
165
Let q(m) = -4*m**2 + 14*m + 17. What is q(8)?
-127
Let a(f) = -10541*f + 31620. Calculate a(3).
-3
Let t(u) = -u**2 + 5*u + 399. Determine t(22).
25
Let q(s) = -26*s**2 + 283*s - 1. Calculate q(11).
-34
Let n(y) = -5*y**2 + 140*y - 654. What is n(6)?
6
Let s(g) = 3*g**3 - 22*g**2 + 50*g - 23. What is s(4)?
17
Let u(n) = -21*n + 2542. Calculate u(120).
22
Let p(d) = -2*d**2 - 31*d + 8. Determine p(-4).
100
Let x(f) = -33*f**2 - 21*f - 36. Calculate x(-2).
-126
Let f(x) = -408*x + 3257. Calculate f(8).
-7
Let c(l) = l**3 - 18*l**2 + 12*l + 85. Calculate c(17).
0
Let x(p) = p**3 - 2*p**2 - 57*p + 183. What is x(4)?
-13
Let w(v) = -v**2 + 37*v - 339. Calculate w(23).
-17
Let r(w) = -2*w**3 + 46*w**2 + 26*w - 47. Give r(24).
-575
Let s(r) = -4*r**2 - 208*r + 1377. What is s(6)?
-15
Let d(b) = 297*b + 1314. What is d(-7)?
-765
Let r(o) = o**2 + 39*o - 2269. Calculate r(32).
3
Let f(a) = 48*a - 569. Give f(13).
55
Let f(k) = -56*k + 1664. Determine f(28).
96
Let j(z) = 880*z + 890. Give j(-1).
10
Let z(f) = 45*f**2 - 595*f - 486. Calculate z(14).
4
Let s(i) = -i**2 - 24*i - 45. Calculate s(-2).
-1
Let y(o) = -o**2 + 285*o - 6488. Give y(25).
12
Let l(u) = 5*u**2 + 209*u - 660. Give l(3).
12
Let i(p) = 34